uppose -3*o + 3 = -9. Suppose -2*x + j*x = -2*l + 591, -3*x + 339 = -o*l. What is the greatest common factor of x and 9?
9
Let u(n) = -209*n - 816. Let v be u(-4). Calculate the greatest common factor of v and 196.
4
Let q(k) = 230*k - 2494. Let w be q(68). Calculate the highest common factor of 42 and w.
42
Let r be 2/((-56)/567)*1400/(-21). What is the greatest common divisor of r and 108?
54
Let u be ((-39303)/(-35) - -2) + 8/140. Calculate the greatest common factor of u and 1725.
75
Let q be (-10 - -4) + -1*(624 - 4). Let f = q - -869. What is the highest common factor of 135 and f?
27
Suppose -6*f + 4*a + 68 = -f, -2*f + 4*a + 20 = 0. Let r(k) = 4*k - 5 + f*k - 1 + 22*k. Let z be r(1). Calculate the greatest common divisor of 36 and z.
36
Suppose 8*o - 73 - 71 = 0. Suppose 3*t - 11 = -2*d, o = 5*t + 4*d - d. Calculate the greatest common divisor of 21 and t.
3
Let x(j) = 3*j**2 - 12*j + 7. Let y be x(8). Let d = -93 + y. Suppose -159 - 61 = -d*z. Calculate the highest common factor of 44 and z.
22
Let i(x) = 5*x - 89. Let l be i(20). Let p be 2100/132 + 1/l. Calculate the highest common divisor of 144 and p.
16
Let c be 41 - ((-42)/(-7) - 13). Suppose 0 = 3*m - 126 - 594. Calculate the highest common factor of c and m.
48
Let g be 1/(-4) + (-330)/(-8). Let y = g + -8. Let o = -81910 - -81954. What is the highest common factor of y and o?
11
Suppose 4*t + 8*p + 3386 = 11*p, -3*t - 4*p = 2552. Let d = -678 - t. Calculate the greatest common divisor of 50 and d.
10
Suppose 4*g = 3*t + 53, 0 = -4*t + 3 + 17. Suppose -2*f = 11 - g. Let q be f*(-4 + 308/12). Calculate the highest common divisor of 13 and q.
13
Let l(k) = 2*k**3 - 23*k**2 + 61*k - 54. Let d be l(11). What is the greatest common divisor of 1648 and d?
16
Let v = 10864 - 10800. What is the greatest common divisor of 3328 and v?
64
Suppose -f - 3*s = -634, 5*f + 4*s = 2*s + 3222. What is the greatest common factor of 34 and f?
34
Suppose 459 = 5*g + 3*b, -5*g - b + 64 = -389. What is the highest common divisor of 640 and g?
10
Let o(y) = -y**2 - 65*y + 5351. Let u be o(-112). What is the highest common factor of 3480 and u?
87
Let o be -630*(3/(-18)*-4)/(-20 + 19). What is the highest common factor of o and 1860?
60
Let a be (3/(-6))/((-21196)/1512 + 14). Let u(h) = h**3 + 2*h**2 + h + 1. Let v be u(-1). Calculate the highest common divisor of a and v.
1
Suppose -2*u + 298 = -4*h, -5*u + 3*h - 137 = -875. Let t(z) = -z**3 - 7*z**2 - 2*z + 23. Let f be t(-10). Calculate the highest common divisor of f and u.
49
Let u = -384 - -129. Let l = 260 + u. Calculate the highest common divisor of 155 and l.
5
Suppose 5*x + w + 499 = 10*x, 0 = -5*w + 5. What is the greatest common factor of x and 12?
4
Let l be 480/(-72)*(-168)/10. Suppose -247*n + 240*n = -l. Let o(j) = -j**3 - 5*j**2 - 4*j + 4. Let p be o(-5). Calculate the highest common divisor of n and p.
8
Let p = 6303 - 2486. Calculate the greatest common factor of p and 11.
11
Let w be 55*(45/(-100))/((-9)/24). Let i = w + -56. Let q = 67 + -17. What is the greatest common divisor of q and i?
10
Let x(a) = 6*a**2 + a - 7. Let f = 670 - 688. Let c be x(f). What is the greatest common divisor of 101 and c?
101
Suppose -5*z + z + 34 = -2*q, 4*q - 62 = -5*z. Suppose -b = -5*w - 310, -45*b + 1499 = -40*b - 8*w. Calculate the greatest common divisor of b and z.
5
Suppose 409*n + 250 = 414*n. Calculate the greatest common factor of n and 22175.
25
Let q be 30/25*(-5 + 0) + 6. Let y(c) = -c**3 - 3*c**2 + 4. Let j be y(-3). Suppose 88 = j*u - q*u. Calculate the greatest common divisor of 55 and u.
11
Suppose -2*r + 29 = -l, 66 = 10*r - 5*r + 4*l. What is the highest common factor of 26 and r?
2
Let p(r) = r**3 + 15*r**2 - 43*r - 16. Let m be p(-16). What is the greatest common factor of m and 32?
32
Let n = -323 + 397. Suppose -322 = -n*v + 73*v. What is the highest common divisor of v and 23?
23
Let k be 21/(-14)*24/9. Let j = k - -8. Suppose q = 4*r - 4*q - 43, 0 = j*r - 3*q - 45. Calculate the greatest common factor of 4 and r.
4
Suppose -5*o = -h + 34, -2*h = 2*o - 22 + 2. Calculate the highest common factor of 441 and h.
7
Suppose -8 = -2*u, 4*g = -5*u + 232 + 68. Suppose 0 = 4*s - 1313 - 647. Calculate the greatest common divisor of s and g.
70
Let r = 340 + -305. Suppose -r*t + 32*t = -144. Let y = 85 - -443. What is the highest common factor of t and y?
48
Let u be (12/(-18))/(6/2439). Let q = -232 - u. What is the greatest common factor of q and 26?
13
Let j(n) = 54*n**2 + 32*n + 45*n**2 + 58 - 7*n - 100*n**2. Let b be j(27). Let s be 72/20*50/b. Calculate the greatest common factor of 5 and s.
5
Let z = -22282 - -23412. Calculate the highest common divisor of 90 and z.
10
Let n = 4587 - 4539. Calculate the highest common divisor of n and 732.
12
Suppose i = -4*u + 79 + 37, 0 = 2*i + 3*u - 267. What is the highest common factor of i and 156?
12
Suppose 1746 = 2*j + 5*i, j + 3*i = -i + 867. Let q = j - 594. Calculate the highest common factor of 17 and q.
17
Let s(w) = 4*w + w**2 + 4*w + 74 - 5*w. Let i be s(-9). Calculate the greatest common factor of 224 and i.
32
Let v(n) = 545*n - 4294. Let p be v(8). Calculate the greatest common divisor of 627 and p.
33
Let k = 232 + -245. Let a be k - -76 - (-1 - -4). Calculate the greatest common factor of 90 and a.
30
Let x be 44/(-3)*(-9)/3. Let j(q) = 17*q**2 + 28*q - 6. Let k be j(-4). Calculate the greatest common divisor of k and x.
22
Suppose -4*h - 3*f = -2*h - 696, 3*h - 1039 = -2*f. Calculate the highest common divisor of 12 and h.
3
Let x be 3*(-12)/(-90) - 223/(-5). Let c = 584 - 539. Calculate the greatest common factor of c and x.
45
Let n = -78 - -78. Suppose n = -u - 3*d - 0*d + 72, u = d + 72. What is the greatest common divisor of 9 and u?
9
Suppose -5*q - 5*x + 455 = 0, 89*x = q + 86*x - 107. Calculate the highest common factor of q and 1007.
19
Let t be ((-5651200)/(-112))/20 - (1 + 8/(-7)). What is the highest common factor of t and 348?
87
Let s be (-4)/7*2942*-7. What is the greatest common factor of 8 and s?
8
Suppose 270 - 948 = 2*h. Let w = 582 + h. Calculate the greatest common divisor of w and 9.
9
Let q(r) = 473*r**3 - r**2 - 2*r + 4. Let h be q(2). Suppose -3*x - 15*x = -h. Suppose 4*a - 85 = 35. What is the highest common divisor of x and a?
30
Suppose 44*s + 15*s = 295. Suppose 5*z + 33 = 6*z + 3*c, s*z = -2*c + 217. What is the highest common factor of 45 and z?
45
Let r be (-175)/(-10)*-4*4/(-14). Calculate the highest common factor of r and 12.
4
Let h be 928/(-20)*5/(6*5/(-1245)). Calculate the highest common factor of 116 and h.
116
Suppose -10 = -5*w - 30, 2*j + 432 = -3*w. Let c = 410 + j. Calculate the greatest common divisor of 8 and c.
8
Suppose -20*p + 565 + 193 = 38. What is the highest common divisor of 5706 and p?
18
Let y(v) = 4*v**2 - 52*v - 13. Let c be y(21). Suppose -6*t = 4*q - 9*t - c, 0 = 4*q + 4*t - 624. Calculate the highest common factor of 23 and q.
23
Let d = 1283 + -884. Let f = d + -228. Calculate the highest common divisor of f and 19.
19
Let c(s) = -s**3 + 32*s**2 - 212*s - 4. Let g be c(21). Calculate the highest common divisor of 2212 and g.
79
Let d(w) = -w**2 - 24*w + 153. Let s be d(5). Let c be ((-64)/20)/(3*3/(-45)). What is the highest common divisor of c and s?
8
Let z be (-8)/6*(-24)/1. Let c(d) = d**2 - 3*d + 112. Suppose 0 = 43*t - 34*t. Let u be c(t). What is the highest common divisor of u and z?
16
Let m be 3/69*-1 + 2057880/552. What is the greatest common factor of 2097 and m?
233
Let a be (-8)/6 - 11330/66. Let r = a - -209. What is the highest common divisor of r and 117?
9
Let u be 126/(-54)*(-17 + 11). Suppose -4*c = -3*k - 1512, -c = 4*k + k - 378. Calculate the highest common divisor of c and u.
14
Suppose -103*u + 240 = -91*u. What is the highest common divisor of 4660 and u?
20
Suppose t = -7*t + 32. Let h be (-11)/((t - 1)*3/(-9)). What is the greatest common factor of 440 and h?
11
Let k(h) = -4*h**2 - 50*h + 32. Let f be k(-13). Suppose 14*g + 2 = -5*q + 10*g, 4*g = -3*q - f. What is the highest common divisor of q and 6?
2
Let s = -245 + 268. Let j be 35 + (s - -1)/(-4). Calculate the greatest common factor of 667 and j.
29
Let c(d) = -d**3 - 5*d**2 - d - 3. Suppose -17 + 137 = -20*a. Let j be c(a)